Suppose g - 332 + 113 = -f, -2*g - 637 = -3*f. What is the remainder when f is divided by 13?
7
Let t be (-1)/5 - 209/(-95). Suppose -w = w - 5*m - 69, 3*w - 87 = t*m. Suppose -2*g = -w - 5. What is the remainder when 79 is divided by g?
15
Let r = -15 - -20. Let z = -369 - -395. Suppose 3*n = r*n - 5*l - z, 0 = -l + 2. What is the remainder when n is divided by 10?
8
Suppose 0 = 13*t - 16*t - 6. Let q be 45/20 - t/(-8). Suppose 15 = -3*w, -4*k + q*w = k - 180. What is the remainder when 203 is divided by k?
33
Suppose 3171 = -4*k + 3291. Suppose 3*v - 30 = 3*y, 0 = v - 2*y - 0*y - 9. Calculate the remainder when k is divided by v.
8
Let s be 1/((-6)/9*6/(-460)). Suppose 0 = h - 6*h + s. Let u(c) = -8*c + 66. What is the remainder when u(0) is divided by h?
20
Let q(u) = -4*u**3 + 29*u**2 - 20*u - 16. What is the remainder when 105 is divided by q(6)?
17
Let j be 245 + (-28)/(-7) + -3. Calculate the remainder when (5/10)/(j/244 - 1) is divided by 31.
30
Suppose -q - 4 = -0*q. Let f be (-438)/(-12) - (-2)/q. Suppose a - f = 2. Calculate the remainder when a is divided by 13.
12
Let z(b) = -b. Let f(h) = -h + 5. Let p(d) = f(d) + 6*z(d). Let k be 10/(800/(-632)) - (-2)/(-20). Calculate the remainder when p(k) is divided by 17.
10
Let c(y) = 7*y - 16. Let g(k) = -8*k + 17. Let p(w) = 3*c(w) + 4*g(w). What is the remainder when p(-5) is divided by 19*(-1)/(-2)*2?
18
Let l(y) = y - 44. Let a be l(0). Suppose 339*w - 326*w = 793. Let d = w + a. What is the remainder when 48 is divided by d?
14
Suppose -13*q - 771 = -76*q + 1686. Calculate the remainder when 1831 is divided by q.
37
Let x(g) = 8*g + 6. Let p(z) = z**2 - 107*z + 1694. Calculate the remainder when x(7) is divided by p(88).
18
Let g(u) = -29*u + 2688. Calculate the remainder when g(84) is divided by 20.
12
Let c(h) = -8*h**2 + h. Let i(u) = -u**2 + u + 1. Let y(f) = -c(f) - i(f). What is the remainder when y(-2) is divided by (1 + (-6)/4)*-18 + -5?
3
Suppose -84*i + 201*i - 234 = 91*i. What is the remainder when 3277 is divided by i?
1
Suppose 3*i - 4*c - 23 = 193, 5*c = i - 61. What is the remainder when i is divided by (-8)/2 + 217/7?
22
Let w(r) = -65*r - 345. Let j be w(-6). Suppose -5*o + 5*i - 3*i = -72, -3*i = -3*o + j. Calculate the remainder when (-477)/(-21) + (-2)/(-7) is divided by o.
9
Suppose 0 = -1926*m + 1928*m. Suppose 2*q + m*s - 152 = 4*s, -2*s = -2*q + 144. What is the remainder when 608 is divided by q?
64
Suppose -15*s + 221 = -2254. Calculate the remainder when 517 is divided by s.
22
Suppose -4*v + 466 = 5*r, -2*r - 12*v + 13*v + 176 = 0. Suppose -r*l + 77*l + 221 = 0. What is the remainder when 45 is divided by l?
11
Let k = 1050 - 1041. Calculate the remainder when 295 is divided by k.
7
Suppose 50*o - 70*o + 4500 = 0. What is the remainder when o is divided by 81?
63
Let y be 85/(-68) + 5/4. Let w(i) = -3*i**2 - i**3 - 10*i - 4 - 6*i**2 + y*i**2 + i**2. Calculate the remainder when 65 is divided by w(-7).
14
Calculate the remainder when (-6)/(-57) - 40070/(-190) is divided by 35.
1
Suppose 3*z - 5 - 109 = 0. Suppose 72 = 19*m - 28*m. Let v(b) = -9*b + 1. What is the remainder when v(m) is divided by z?
35
Suppose 2*n = 4*c - 88, -4*n - 316 = -c - 126. Let v = 262 + n. Calculate the remainder when v is divided by 22.
16
Suppose 45*u - 1744 = 41*u. Let m = -423 + u. What is the remainder when 88 is divided by m?
10
Suppose 19*c + 143 - 965 = 774. Calculate the remainder when c is divided by 76.
8
Let r = 27616 - 27530. Calculate the remainder when r is divided by (-3)/((15/44)/(-5)).
42
Suppose 219 + 97 = 79*f. Let m = 151 + -71. Suppose w = 5*x - f*w - m, 2*w = -4. What is the remainder when 27 is divided by x?
13
Let a(p) = -28*p**3 + p**2 - 2*p - 2. Let r be a(-1). Let k = r + -38. What is the remainder when ((-54)/15)/(k/45) is divided by 4?
2
Suppose 5*r - k = 707, 4*r - 571 = -0*r - k. Suppose 3*q = w - 29, -4*w = 2*q - q - r. What is the remainder when w is divided by 21?
14
Let a(q) = -16*q - 124. Let r be a(-8). Suppose 3*f = -r*i + 177, -2*i + 5*f + 144 = 23. Let g = 22 + -9. Calculate the remainder when i is divided by g.
9
Suppose -159*t + 163*t - 7177 = -3*x, -4*x = 3*t - 9567. What is the remainder when x is divided by 63?
60
Suppose -4*k + 10289 - 1068 = 3*s, -4*s - 3*k + 12283 = 0. Calculate the remainder when s is divided by 58.
51
Let n(h) be the second derivative of -2*h**3/3 + 2*h**2 - 98*h. What is the remainder when 310 is divided by n(-5)?
22
Suppose -15*j + 2 = -58. Suppose 349 + 59 = j*t. What is the remainder when t is divided by 21?
18
Let n = 1985 + -1637. What is the remainder when n is divided by 140?
68
Suppose -8*d = -2*d - 24. Suppose -f + 55 = d*t - 21, -4*f + 70 = 3*t. Calculate the remainder when 31 is divided by t.
13
Let l = -1568 + 2197. Suppose l*o - 635*o + 480 = 0. Suppose 3*t + 42 = 2*d, -5*d + 151 = 3*t + t. Calculate the remainder when o is divided by d.
26
Suppose -2*k = -8*d + 5*d + 13, -5*k = -2*d + 5. Suppose -4*f = -d*h - 30, 0 = -17*f + 21*f - h - 22. What is the remainder when 26 is divided by f?
1
Let r(g) = 8*g + 83. Calculate the remainder when 460 is divided by r(-2).
58
Let i = -428 - -428. Suppose 5*a = -5*d + 1495, i = -4*a + 7*d - 3*d + 1196. What is the remainder when a is divided by 43?
41
Let c be -6 - 3*(-24)/18. What is the remainder when 67 is divided by 1/(c/(-4)) - -10?
7
Suppose 3*d - 3 = -0. Suppose -6*r + r = 2*h + 11, -r = 2*h - d. Calculate the remainder when 64 is divided by (-705)/(-21) - r/7.
30
Suppose -5*n - 30 = 0, -2*k + 3*n + 548 - 46 = 0. What is the remainder when 5079 is divided by k?
239
Suppose 3*j - 18 = j. Suppose 3*m - 2*c - 71 = 0, -c + 80 = 5*m - m. Suppose m*l - 17*l - 96 = 0. Calculate the remainder when l is divided by j.
6
Suppose -1530*s + 21 = -1527*s, 79 = 2*x - 5*s. What is the remainder when (-1)/(-2) + (-333)/(-2) is divided by x?
53
Suppose 5*r + 3*z = 651, 13*z + 266 = 2*r + 17*z. Calculate the remainder when 203 is divided by r.
74
Suppose -91 = v - 0*v. Let s(j) = j**3 + j - 3. What is the remainder when 39/v - 738/(-7) is divided by s(3)?
24
Suppose 5*w - g = -6 + 15, w = -3*g + 5. Suppose 2*i = w*x + 36, -5*x + 8 = i + i. What is the remainder when 25 is divided by i?
11
Let c be (28/(-10))/(1/(4 - 14)). Let v be 12/((-8)/c*(-14)/4). Suppose 4*z = -v + 188. Calculate the remainder when z is divided by 8.
4
Let x be (-3 + 2)/((-3)/810). Let b = x - 204. Calculate the remainder when 191 is divided by b.
59
Let k(y) = 8*y**3 - y - 6. Let z be k(-2). Calculate the remainder when 133 is divided by 850/z*(1 + (-23)/5).
43
Suppose -94*c + 97*c - 5*s - 101 = 0, 5*s - 10 = 0. What is the remainder when 608 is divided by c?
16
Suppose -14*j - 9744 = -62*j. What is the remainder when 341 is divided by j/87*(-2 + 5)?
5
Let v(h) = 3*h**3 - 2*h**2 - 2388*h + 16174. Suppose g - 26 = -o - 3*g, 4*o - 104 = g. Calculate the remainder when v(7) is divided by o.
25
Suppose 0 = 5*v - 24 - 36. Suppose -6*w = -w + 705. Calculate the remainder when (2/(-3))/(1/w) is divided by v.
10
Suppose -10 = -4*i - l, -i + 3*l - 7 = 8*l. Suppose 0 = 4*v - i - 21. Calculate the remainder when 87 is divided by v.
3
Let o = 409 - 388. Suppose 20*g + 91 = 27*g. Calculate the remainder when o is divided by g.
8
Let j = -902 + 527. Let g = 383 + j. Calculate the remainder when g is divided by 3.
2
Let a(f) = 65*f**2 + 47*f + 31. What is the remainder when 64 is divided by a(-1)?
15
Suppose 5*i = -x + 145, 4*x - 626 = -2*i + 5*i. Calculate the remainder when x is divided by 28.
15
Calculate the remainder when (-2*(-1)/(-3))/((-12)/5958) is divided by 855/18 + (-2)/(-4).
43
Suppose -4*o + 31 + 13 = 0. Let k(v) = -v**2 + 17*v + 25. Let j be -1 + (18 - 3) + 4. What is the remainder when o is divided by k(j)?
4
Let l = -226 + 295. Suppose -8*b + 1155 = -l. Calculate the remainder when b is divided by 23.
15
What is the remainder when 128 is divided by 27/(-5)*(-17 + -3)?
20
What is the remainder when 1095 is divided by ((-184)/5)/((-65)/(-13)*(-4)/50)?
83
Let q(u) = u**2 + 5*u. Let h be q(-5). Suppose 0*t - 2*t + 116 = h. Let s = 1137 + -1117. Calculate the remainder when t is divided by s.
18
What is the remainder when -4 + 2 + 12/108*27 + 319 is divided by 15?
5
Let n(d) = -27*d + 5. Let y be n(1